by 995.
433
What is the remainder when 11968 is divided by 5980?
8
What is the remainder when 19104 is divided by 233?
231
What is the remainder when 12432 is divided by 158?
108
Calculate the remainder when 158015 is divided by 14.
11
Calculate the remainder when 18478 is divided by 638.
614
What is the remainder when 1360 is divided by 208?
112
Calculate the remainder when 2044 is divided by 166.
52
What is the remainder when 3045 is divided by 578?
155
Calculate the remainder when 113 is divided by 66.
47
What is the remainder when 35298 is divided by 11762?
12
Calculate the remainder when 28308 is divided by 3.
0
What is the remainder when 2693 is divided by 2687?
6
What is the remainder when 201953 is divided by 34?
27
Calculate the remainder when 39116 is divided by 7821.
11
Calculate the remainder when 4848 is divided by 22.
8
Calculate the remainder when 20460 is divided by 3393.
102
What is the remainder when 933 is divided by 93?
3
Calculate the remainder when 1793 is divided by 84.
29
What is the remainder when 2102 is divided by 540?
482
What is the remainder when 596735 is divided by 148?
147
Calculate the remainder when 222127 is divided by 851.
16
Calculate the remainder when 7164 is divided by 3545.
74
Calculate the remainder when 73470 is divided by 29.
13
What is the remainder when 108984 is divided by 15563?
43
What is the remainder when 1033758 is divided by 520?
518
What is the remainder when 841 is divided by 141?
136
Calculate the remainder when 3262 is divided by 1087.
1
Calculate the remainder when 418891 is divided by 1401.
1393
Calculate the remainder when 2330 is divided by 132.
86
Calculate the remainder when 5929 is divided by 1044.
709
What is the remainder when 4017 is divided by 1339?
0
What is the remainder when 37301 is divided by 812?
761
Calculate the remainder when 3017 is divided by 688.
265
What is the remainder when 6471 is divided by 198?
135
What is the remainder when 137475 is divided by 208?
195
What is the remainder when 657831 is divided by 20557?
7
What is the remainder when 1533069 is divided by 55?
54
Calculate the remainder when 14010 is divided by 223.
184
What is the remainder when 265 is divided by 94?
77
Calculate the remainder when 3007 is divided by 290.
107
Calculate the remainder when 6106 is divided by 94.
90
Calculate the remainder when 2017967 is divided by 22.
17
Calculate the remainder when 64158 is divided by 132.
6
What is the remainder when 268 is divided by 39?
34
Calculate the remainder when 4939 is divided by 2.
1
What is the remainder when 206096 is divided by 191?
7
What is the remainder when 67160 is divided by 4197?
8
What is the remainder when 549 is divided by 108?
9
What is the remainder when 11494 is divided by 177?
166
What is the remainder when 103457 is divided by 821?
11
What is the remainder when 8644 is divided by 4284?
76
What is the remainder when 224 is divided by 3?
2
Calculate the remainder when 2245 is divided by 625.
370
Calculate the remainder when 224 is divided by 33.
26
What is the remainder when 12602 is divided by 451?
425
What is the remainder when 1308 is divided by 182?
34
What is the remainder when 187655 is divided by 73?
45
Calculate the remainder when 2053113 is divided by 14.
13
What is the remainder when 13011 is divided by 6500?
11
What is the remainder when 3801 is divided by 50?
1
Calculate the remainder when 10806 is divided by 264.
246
What is the remainder when 529827 is divided by 299?
298
Calculate the remainder when 25517 is divided by 13.
11
What is the remainder when 173768 is divided by 116?
0
What is the remainder when 3533 is divided by 44?
13
Calculate the remainder when 38948 is divided by 41.
39
What is the remainder when 68242 is divided by 22?
20
Calculate the remainder when 510 is divided by 225.
60
What is the remainder when 10743 is divided by 284?
235
Calculate the remainder when 5509 is divided by 53.
50
What is the remainder when 396468 is divided by 960?
948
What is the remainder when 36861 is divided by 97?
1
What is the remainder when 1610 is divided by 227?
21
Calculate the remainder when 5643 is divided by 1126.
13
What is the remainder when 10144 is divided by 1053?
667
Calculate the remainder when 476 is divided by 449.
27
Calculate the remainder when 38569 is divided by 6.
1
Calculate the remainder when 1636 is divided by 813.
10
Calculate the remainder when 6180 is divided by 54.
24
What is the remainder when 21769 is divided by 22?
11
What is the remainder when 523033 is divided by 87167?
31
What is the remainder when 1519 is divided by 217?
0
Calculate the remainder when 1854 is divided by 316.
274
What is the remainder when 17374 is divided by 1021?
17
Calculate the remainder when 115833 is divided by 591.
588
What is the remainder when 844543 is divided by 175?
168
What is the remainder when 4926 is divided by 1639?
9
What is the remainder when 69457 is divided by 2484?
2389
What is the remainder when 1952238 is divided by 184?
182
What is the remainder when 260692 is divided by 1650?
1642
What is the remainder when 2373 is divided by 198?
195
Calculate the remainder when 3002 is divided by 136.
10
What is the remainder when 57469 is divided by 491?
22
What is the remainder when 10667 is divided by 2105?
142
What is the remainder when 1420 is divided by 1337?
83
Calculate the remainder when 15236 is divided by 761.
16
What is the remainder when 53995 is divided by 183?
10
Calculate the remainder when 405972 is divided by 378.
0
Calculate the remainder when 66747 is divided by 15.
12
What is the remainder when 16452 is divided by 17?
13
Calculate the remainder when 12676 is divided by 132.
4
Calculate the remainder when 59966 is divided by 15.
11
Calculate the remainder when 20273 is divided by 428.
157
Calculate the remainder when 5537 is divided by 395.
7
What is the remainder when 6090 is divided by 239?
115
What is the remainder when 6095 is divided by 618?
533
Calculate the remainder when 562950 is divided by 8.
6
What is the remainder when 189 is divided by 43?
17
Calculate the remainder when 6377 is divided by 255.
2
What is the remainder when 200213 is divided by 40040?
13
Calculate the remainder when 540780 is divided by 94.
92
Calculate the remainder when 33636 is divided by 436.
64
Calculate the remainder when 10886 is divided by 81.
32
What is the remainder when 9802 is divided by 2309?
566
Calculate the remainder when 13733 is divided by 13479.
254
Calculate the remainder when 62124 is divided by 28.
20
What is the remainder when 290695 is divided by 203?
202
Calculate the remainder when 15838 is divided by 44.
42
What is the remainder when 1007119 is divided by 267?
262
Calculate the remainder when 3023 is divided by 1052.
919
What is the remainder when 17170 is divided by 51?
34
Calculate the remainder when 1821 is divided by 677.
467
Calculate the remainder when 337 is divided by 69.
61
What is the remainder when 50822 is divided by 2209?
15
Calculate the remainder when 25120 is divided by 3553.
249
Calculate the remainder when 1173148 is divided by 825.
823
Calculate the remainder when 442165 is divided by 62.
43
Calculate the remainder when 265501 is divided by 184.
173
Calculate the remainder when 43999 is divided by 80.
79
What is the remainder when 1780 is divided by 483?
331
Calculate the remainder when 169348 is divided by 1283.
1275
What is the remainder when 89 is divided by 41?
7
Calculate the remainder when 33972 is divided by 1785.
57
Calculate the remainder when 585 is divided by 177.
54
Calculate the remainder when 15133 is divided by 47.
46
Calculate the remainder when 2070 is divided by 71.
11
What is the remainder when 553 is divided by 2?
1
What is the remainder when 818 is divided by 197?
30
What is the remainder when 52370 is divided by 17456?
2
Calculate the remainder when 1768 is divided by 10.
8
What is the remainder when 16670973 is divided by 2352?
2349
Calculate the remainder when 31417 is divided by 1848.
1
What is the remainder when 651 is divided by 608?
43
Calculate the remainder when 23661 is divided by 3931.
75
What is the remainder when 71893 is divided by 10269?
10
Calculate the remainder when 17539 is divided by 47.
8
What is the remainder when 507